te the remainder when 9356212 is divided by 304.
4
What is the remainder when 28503041 is divided by 143?
138
What is the remainder when 12332284 is divided by 1567?
1561
What is the remainder when 610556 is divided by 13876?
12
What is the remainder when 146127 is divided by 2173?
536
What is the remainder when 1082731 is divided by 360903?
22
Calculate the remainder when 1759784 is divided by 135368.
0
Calculate the remainder when 333096 is divided by 36999.
105
Calculate the remainder when 43935496 is divided by 505.
496
Calculate the remainder when 351557 is divided by 261.
251
What is the remainder when 843592 is divided by 1593?
895
What is the remainder when 3196604 is divided by 1810?
144
What is the remainder when 2293758 is divided by 320?
318
What is the remainder when 2637793 is divided by 39?
28
What is the remainder when 59421632 is divided by 11478?
26
What is the remainder when 79544 is divided by 5574?
1508
What is the remainder when 171282 is divided by 5542?
5022
Calculate the remainder when 27995331 is divided by 116.
7
Calculate the remainder when 17393741 is divided by 129804.
5
What is the remainder when 1888073 is divided by 944035?
3
What is the remainder when 2240422 is divided by 299?
15
What is the remainder when 291037 is divided by 5083?
1306
Calculate the remainder when 109217948 is divided by 712.
708
What is the remainder when 78116598 is divided by 26038836?
90
Calculate the remainder when 67698 is divided by 8459.
26
Calculate the remainder when 5038581 is divided by 1007710.
31
Calculate the remainder when 19521 is divided by 8740.
2041
What is the remainder when 1588141 is divided by 113435?
51
Calculate the remainder when 67018 is divided by 66432.
586
What is the remainder when 48083 is divided by 1005?
848
Calculate the remainder when 426565 is divided by 67.
43
Calculate the remainder when 2409942 is divided by 130.
2
What is the remainder when 3312973 is divided by 14?
13
Calculate the remainder when 557835225 is divided by 2119.
2118
Calculate the remainder when 7699861 is divided by 1300.
1261
Calculate the remainder when 9675 is divided by 118.
117
Calculate the remainder when 279863 is divided by 9321.
233
Calculate the remainder when 2022332 is divided by 27.
5
What is the remainder when 75669307 is divided by 2991?
2989
Calculate the remainder when 90658 is divided by 3002.
598
Calculate the remainder when 80553642 is divided by 3946.
3944
What is the remainder when 90982922 is divided by 19?
16
Calculate the remainder when 396809145 is divided by 723.
717
What is the remainder when 5068787 is divided by 55?
42
Calculate the remainder when 15510471 is divided by 23324.
11
What is the remainder when 265421 is divided by 264882?
539
Calculate the remainder when 20961326 is divided by 6987096.
38
Calculate the remainder when 5389846 is divided by 145.
51
What is the remainder when 19069763 is divided by 65?
63
Calculate the remainder when 747489 is divided by 9475.
8439
Calculate the remainder when 64008837 is divided by 50.
37
Calculate the remainder when 16265437 is divided by 574.
573
Calculate the remainder when 384915 is divided by 523.
510
Calculate the remainder when 902435 is divided by 24.
11
What is the remainder when 5749422 is divided by 101?
98
Calculate the remainder when 14976 is divided by 4238.
2262
What is the remainder when 23149028 is divided by 3306986?
126
Calculate the remainder when 49092043 is divided by 34.
21
What is the remainder when 7200262 is divided by 845?
17
What is the remainder when 69118 is divided by 22993?
139
What is the remainder when 679039557 is divided by 4282?
4279
Calculate the remainder when 349355 is divided by 8564.
6795
What is the remainder when 60055643 is divided by 7?
4
What is the remainder when 522537 is divided by 1971?
222
Calculate the remainder when 21250497 is divided by 775.
772
What is the remainder when 479260 is divided by 15460?
0
Calculate the remainder when 821188 is divided by 273114.
1846
Calculate the remainder when 47611239 is divided by 9.
6
Calculate the remainder when 1103509 is divided by 55172.
69
Calculate the remainder when 251066113 is divided by 361.
360
Calculate the remainder when 6182901 is divided by 399.
396
What is the remainder when 1984904 is divided by 262?
254
Calculate the remainder when 87948340 is divided by 18.
16
Calculate the remainder when 1271276 is divided by 254021.
1171
What is the remainder when 584617863 is divided by 47?
44
Calculate the remainder when 1443322 is divided by 870.
862
What is the remainder when 12715141 is divided by 8?
5
What is the remainder when 932104 is divided by 154?
96
What is the remainder when 341646 is divided by 507?
435
Calculate the remainder when 72722196 is divided by 258.
252
What is the remainder when 26199278 is divided by 13099635?
8
What is the remainder when 137993 is divided by 1706?
1513
What is the remainder when 4870458 is divided by 683?
668
Calculate the remainder when 184405 is divided by 14093.
1196
Calculate the remainder when 966823 is divided by 2552.
2167
Calculate the remainder when 306301 is divided by 1336.
357
Calculate the remainder when 1248863 is divided by 26.
5
What is the remainder when 104772 is divided by 5232?
132
Calculate the remainder when 17563477 is divided by 2402.
53
Calculate the remainder when 13122754 is divided by 32725.
29
Calculate the remainder when 227160821 is divided by 8.
5
What is the remainder when 84902 is divided by 464?
454
Calculate the remainder when 961978 is divided by 27.
22
Calculate the remainder when 2960165 is divided by 2156.
2133
What is the remainder when 374250 is divided by 62358?
102
What is the remainder when 215124 is divided by 1033?
260
What is the remainder when 481878453 is divided by 38?
35
Calculate the remainder when 5172219 is divided by 235080.
459
What is the remainder when 54124 is divided by 53889?
235
Calculate the remainder when 44164268 is divided by 48.
44
What is the remainder when 1366330 is divided by 117?
4
What is the remainder when 1190288 is divided by 1236?
20
What is the remainder when 1050603 is divided by 1017?
42
Calculate the remainder when 564137 is divided by 185985.
6182
What is the remainder when 11102 is divided by 883?
506
Calculate the remainder when 178760 is divided by 19655.
1865
Calculate the remainder when 200193419 is divided by 68209.
4
What is the remainder when 14422245 is divided by 1569?
1566
Calculate the remainder when 2024185 is divided by 506044.
9
What is the remainder when 1801903 is divided by 62?
59
Calculate the remainder when 489833 is divided by 14.
1
Calculate the remainder when 257103 is divided by 39.
15
What is the remainder when 3196941959 is divided by 8297?
8295
Calculate the remainder when 33249813 is divided by 874995.
3
Calculate the remainder when 1665565 is divided by 1416.
349
Calculate the remainder when 29160328 is divided by 744.
736
Calculate the remainder when 1106324 is divided by 276560.
84
What is the remainder when 369050 is divided by 968?
242
What is the remainder when 28059 is divided by 6776?
955
Calculate the remainder when 5019976 is divided by 836661.
10
Calculate the remainder when 6747707 is divided by 674769.
17
What is the remainder when 353808 is divided by 18283?
6431
What is the remainder when 3364746 is divided by 20148?
30
What is the remainder when 237680 is divided by 2141?
29
What is the remainder when 5469009 is divided by 53?
45
What is the remainder when 22909131 is divided by 1911?
63
What is the remainder when 3596991 is divided by 6600?
6591
What is the remainder when 4166339 is divided by 1652?
1647
Calculate the remainder when 596216 is divided by 297427.
1362
What is the remainder when 11233179 is divided by 3744373?
60
Calculate the remainder when 63041574 is divided by 7004617.
21
Calculate the remainder when 63474 is divided by 690.
684
Calculate the remainder when 246615 is divided by 20508.
519
Calculate the remainder when 63223346 is divided by 64778.
18
Calculate the remainder when 3362 is divided by 151.
40
Calculate the remainder when 1047541 is divided by 130930.
101
Calculate the remainder when 6408 is divided by 3599.
2809
What is the remainder when 292781391 is divided by 